{"id":11,"date":"2023-05-30T09:30:41","date_gmt":"2023-05-30T07:30:41","guid":{"rendered":"https:\/\/roberta.dipascasio.it\/?page_id=11"},"modified":"2026-01-23T13:31:29","modified_gmt":"2026-01-23T12:31:29","slug":"articoli","status":"publish","type":"page","link":"https:\/\/roberta.dipascasio.it\/?page_id=11","title":{"rendered":"Concorso"},"content":{"rendered":"\n<p class=\"has-vivid-red-color has-text-color has-link-color wp-elements-9861cf10b3cfa3fc903fecef9379da85\"><strong>VIII\u00b0 EDIZIONE CONCORSO &#8220;TEATRO IN CERCA D&#8217;AUTORE&#8221;<\/strong><\/p>\n\n\n\n<p>L\u2019officina letteraria Ponte di carta e la compagnia teatrale Teatranti tra Tanti, con il patrocinio del comune di Avezzano e della provincia di L&#8217;Aquila, hanno il piacere di annunciare la VIII\u00b0 edizione del concorso per testi inediti<\/p>\n\n\n\n<p><strong>\u201cTEATRO IN CERCA D\u2019AUTORE\u201d<\/strong><\/p>\n\n\n\n<p><strong>Art. 1<\/strong> Il premio \u00e8 riservato a testi teatrali che costituiscano opere complete in lingua italiana, di qualsiasi genere, che siano inedite e non ancora rappresentate alla data di scadenza del concorso.<\/p>\n\n\n\n<p><strong>Art. 2 <\/strong>Sono due le sezioni del concorso: <strong>A) testo teatrale B) monologo<\/strong><\/p>\n\n\n\n<p><strong>Art. 3<\/strong> La quota di iscrizione al concorso, a parziale copertura delle spese organizzative e di segreteria, \u00e8 di 20 euro per la sezione <strong>A<\/strong> e di 15 euro per la sezione <strong>B<\/strong> da versare tramite bonifico sul conto corrente IBAN:<\/p>\n\n\n\n<p>IT 34 J 03015 03200 000003531009 Fineco Bank Intestato a Roberta Di Pascasio, resp. Ponte di carta, indicando come causale \u2018Partecipazione Concorso teatrale\u2019 e la sezione a cui si sceglie di partecipare. Se un autore vuole inviare un testo per la sezione A e un testo per la sezione B (da allegare nella stessa mail), la quota di iscrizione \u00e8 di 30 euro; se un autore vuole inviare due testi teatrali per la sezione A (da allegare nella stessa mail), la quota di iscrizione \u00e8 di 35 euro; se un autore vuole inviare due testi per la sezione B (da allegare nella stessa mail), la quota di iscrizione \u00e8 di 25 euro.<\/p>\n\n\n\n<p><strong>Art. 4<\/strong> Ogni partecipante dovr\u00e0 far pervenire all\u2019indirizzo email <a href=\"mailto:info@pontedicarta.it\">info@pontedicarta.it<\/a> il seguente materiale:<\/p>\n\n\n\n<p>. testo teatrale in formato pdf;<\/p>\n\n\n\n<p>. la ricevuta di pagamento della quota di partecipazione;<\/p>\n\n\n\n<p>. una nota contenente i propri dati anagrafici (nome cognome indirizzo telefono email) e, facoltativo, un breve curriculum artistico;<\/p>\n\n\n\n<p>. il modulo allegato debitamente compilato e firmato.<\/p>\n\n\n\n<p><strong>Art. 5<\/strong> Le opere dovranno pervenire entro <strong>mercoled\u00ec 15 LUGLIO 2026<\/strong>.<\/p>\n\n\n\n<p><strong>Art. 6<\/strong> la Giuria \u00e8 composta da:<\/p>\n\n\n\n<p><strong>Roberta Di Pascasio<\/strong>, scrittrice, promoter culturale e responsabile dell\u2019officina letteraria Ponte di carta;<\/p>\n\n\n\n<p><strong>Alessandro Martorelli<\/strong>, attore e autore teatrale, docente di teatro e direttore artistico della stagione off di prosa al castello Orsini Colonna di Avezzano;<\/p>\n\n\n\n<p><strong>Edoardo Siravo<\/strong>, attore, regista teatrale e doppiatore;<\/p>\n\n\n\n<p><strong>Antonio Pellegrini<\/strong>, attore, autore e docente di teatro;<\/p>\n\n\n\n<p><strong>Stefania Evandro<\/strong>, attrice e regista teatrale della compagnia teatrale Il Lanciavicchio, docente di Terapeutica artistica e di Narrativa teatrale;<\/p>\n\n\n\n<p><strong>Luca Avallone<\/strong>, attore di teatro, cinema e televisione.<\/p>\n\n\n\n<p>Ringraziamo <strong>Lino Guanciale<\/strong> per aver fatto parte della giuria nelle passate edizioni, ha sempre creduto nel nostro progetto e ci ha sostenuto con le sue competenze e la sua passione per il teatro.<\/p>\n\n\n\n<p><strong>Art. 7<\/strong> Consistenza dei premi:<\/p>\n\n\n\n<p>. <strong>VINCITORE ASSOLUTO<\/strong>: il testo 1\u00b0 classificato ricever\u00e0 un riconoscimento di <strong>300 euro<\/strong> e verr\u00e0 inserito nella stagione off di prosa 2026\/2027 al castello Orsini Colonna ad Avezzano: la messa in scena sar\u00e0 curata dalla compagnia Teatranti Tra Tanti. Al vincitore sar\u00e0 garantito alloggio e rimborso chilometrico per la serata della rappresentazione, nonch\u00e9 un\u2019intervista esclusiva presso l\u2019emittente televisiva regionale Info Media News con la giornalista Roberta Maiolini (verr\u00e0 condivisa anche sui canali social).<\/p>\n\n\n\n<p>. <strong>VINCITORE sezione MONOLOGO<\/strong>: il testo 1\u00b0 classificato ricever\u00e0 un riconoscimento di <strong>150 euro<\/strong>, oltre al diploma e alla targa; inoltre l\u2019autore avr\u00e0 diritto a un\u2019intervista esclusiva presso l\u2019emittente televisiva regionale Info Media News con la giornalista Roberta Maiolini (verr\u00e0 condivisa anche sui canali social).<\/p>\n\n\n\n<p>Verranno assegnati inoltre i seguenti premi:<\/p>\n\n\n\n<p>. Premio al <strong>2\u00b0 e 3\u00b0 classificato (una classifica per ciascuna sezione)<\/strong>: targa, diploma di merito e omaggio. Stessi riconoscimenti andranno a:<\/p>\n\n\n\n<p>. <strong>Premio Giuria Giovani<\/strong>;<\/p>\n\n\n\n<p>. <strong>Premio originalit\u00e0<\/strong>;<\/p>\n\n\n\n<p>. <strong>Premio della critica letteraria<\/strong>;<\/p>\n\n\n\n<p>. <strong>Premio della critica cinematografica<\/strong>.<\/p>\n\n\n\n<p><strong>Art. 8<\/strong> I nomi dei finalisti saranno resi noti entro la fine di settembre 2026 sui canali social e sul nostro sito; i nomi dei vincitori saranno comunicati soltanto durante la cerimonia di premiazione che avr\u00e0 luogo ad Avezzano (AQ) venerd\u00ec 23 OTTOBRE in concomitanza con il primo spettacolo che inaugura la stagione di prosa off al castello Orsini Colonna. Attestati e premi dovranno essere ritirati personalmente durante la serata di premiazione, per non perdere il diritto al premio; se impossibilitati, i finalisti possono delegare un\u2019altra persona al ritiro dello stesso.<\/p>\n\n\n\n<p><strong>Art. 9<\/strong> Il giudizio della Giuria \u00e8 insindacabile. I finalisti verranno avvisati tramite mail e riportati sul sito di Ponte di carta e Teatranti tra tanti.<\/p>\n\n\n\n<p><strong>Art. 10<\/strong> La partecipazione al concorso teatrale \u201cTeatro in cerca d\u2019Autore\u201d implica l\u2019accettazione del presente regolamento e di tutti i suoi articoli.<\/p>\n\n\n\n<p>***<\/p>\n\n\n\n<p><\/p>\n\n\n\n<p class=\"has-vivid-red-color has-text-color has-link-color wp-elements-182a4fbb391919b89bd4f745776ad3c6\"><strong>FAC SIMILE MODULO PRIVACY<\/strong><\/p>\n\n\n\n<p><strong>VII\u00b0 edizione CONCORSO \u201cTeatro in cerca di Autore\u201d<\/strong><\/p>\n\n\n\n<p><\/p>\n\n\n\n<p>Cognome_____________________________Nome______________________________________<\/p>\n\n\n\n<p>Via____________________N\u00b0____ C.A.P._________Citt\u00e0___________Prov._____<\/p>\n\n\n\n<p>cell.____________________________Email______________________________________________<\/p>\n\n\n\n<p>Titolo opera\/e_____________________________________________________________________<\/p>\n\n\n\n<p>Eventuale Codice S.I.A.E._____________________<\/p>\n\n\n\n<p class=\"has-small-font-size\">Con la presente dichiaro<\/p>\n\n\n\n<h6 class=\"wp-block-heading has-small-font-size\">\u00b7&nbsp;&nbsp;&nbsp;&nbsp;&nbsp;&nbsp;&nbsp;&nbsp; <strong>Di aver letto e aver accettato tutte le condizioni del regolamento del concorso in oggetto<\/strong><\/h6>\n\n\n\n<h6 class=\"wp-block-heading has-small-font-size\">\u00b7&nbsp;&nbsp;&nbsp;&nbsp;&nbsp;&nbsp;&nbsp;&nbsp; <strong>Che l\u2019opera \u00e8 libera da qualsivoglia vincolo sulla possibilit\u00e0 di rappresentazione in pubblico<\/strong><\/h6>\n\n\n\n<h6 class=\"wp-block-heading has-small-font-size\">\u00b7&nbsp;&nbsp;&nbsp;&nbsp;&nbsp;&nbsp;&nbsp;&nbsp; <strong>Di autorizzare gli organizzatori a riprese audiovisive durante la propria rappresentazione<\/strong><\/h6>\n\n\n\n<h6 class=\"wp-block-heading has-small-font-size\"><strong>&nbsp;A tal fine si allega<\/strong><\/h6>\n\n\n\n<ul class=\"wp-block-list\">\n<li class=\"has-small-font-size\">testo teatrale in formato pdf;<\/li>\n\n\n\n<li class=\"has-small-font-size\">ricevuta di pagamento della quota di partecipazione;<\/li>\n\n\n\n<li class=\"has-small-font-size\">un breve curriculum artistico (ove possibile).<\/li>\n<\/ul>\n\n\n\n<p>data____________________________________ firma _____________________________________<\/p>\n\n\n\n<p><\/p>\n\n\n\n<p>***<\/p>\n\n\n\n<p class=\"has-vivid-red-color has-text-color has-link-color wp-elements-311e501212376ff97b8e8e66f40ffd48\"><strong>Le conseguenze dell&#8217;amore per il Teatro<\/strong>: il concorso &#8220;Teatro in cerca d&#8217;Autore&#8221; porta bene, ecco i successi degli autori dopo aver partecipato e vinto uno dei nostri riconoscimenti:<\/p>\n\n\n\n<p style=\"font-size:16px\">PRODUZIONI<br>. il testo &#8220;Glauco&#8221; di Vincenzo Martorelli vincitore della VI edizione &#8211; che \u00e8 andato in scena al castello Orsini il 24 aprile 2025 &#8211; \u00e8 stato scelto tra le produzioni del Teatro Stabile d&#8217;Abruzzo e ha avuto molte date in programma per tutto l&#8217;anno e continua ad essere rappresentato;<br>. il testo &#8220;Hedy Lamarr&#8221; di Barbara Alesse, 3\u00b0 classificato tra i monologhi, \u00e8 tra le produzioni del Teatro Tor Bella Monaca e ha debuttato i primi di febbraio 2025 a Firenze, continuando ancora oggi il tour in teatro.<\/p>\n\n\n\n<div class=\"wp-block-group\"><div class=\"wp-block-group__inner-container is-layout-constrained wp-block-group-is-layout-constrained\">\n<div class=\"wp-block-group is-vertical is-layout-flex wp-container-core-group-is-layout-8cf370e7 wp-block-group-is-layout-flex\">\n<p style=\"font-size:16px\">PUBBLICAZIONI con case editrici<br>. &#8220;Solo di passaggio&#8221; di Alessandro Izzi vincitore del concorso<br>. &#8220;Matassine&#8221; di Simona Bisconti, premio critica letteraria<br>. &#8220;Una vita a cottimo&#8221; di Giusi Arimatea, 2\u00b0 classificato tra i monologhi.<\/p>\n\n\n\n<p style=\"font-size:16px\">. &#8220;Altrimenti non sarei qui&#8221; di Simone Ignagni, vincitore del concorso.<\/p>\n<\/div>\n<\/div><\/div>\n\n\n\n<p><\/p>\n\n\n\n<div class=\"wp-block-group is-vertical is-layout-flex wp-container-core-group-is-layout-8cf370e7 wp-block-group-is-layout-flex\">\n<p style=\"font-size:16px\">RAPPRESENTAZIONI e TOUR<br>. &#8220;Altrimenti non sarei qui&#8221; di Simone Ignagni, vincitore del concorso<br>. &#8220;Di me ricorderai il telaio&#8221; di Maria Pia Battaglia, premio critica letteraria<br>. &#8220;Driving&#8221; di Alessio Pinto, menzione speciale della giuria<br>. &#8220;Riders on the storm&#8221; di Flavio Vasile, menzione speciale della giuria<\/p>\n\n\n\n<p style=\"font-size:16px\">. &#8220;Dio \u00e8 al fronte?&#8221; di Benedetta Carrara e Alberto Camanni.<\/p>\n\n\n\n<p><\/p>\n<\/div>\n\n\n\n<p>***<\/p>\n\n\n\n<p class=\"has-vivid-red-color has-text-color has-link-color wp-elements-a53479b2c746c19e4e821981701d67ad\"><strong>COSA DICONO DI NOI I VINCITORI<\/strong> delle passate edizioni:<\/p>\n\n\n\n<p class=\"has-small-font-size\"><strong>SIMONE IGNANI VINCITORE IV EDIZIONE:<\/strong><\/p>\n\n\n\n<p class=\"has-small-font-size\">&#8220;Una volta arrivati ad Avezzano, prima di raggiungere la sede della Premiazione di \u201cTeatro In Cerca D\u2019Autore IV\u201d, io e Caterina (la mia compagna) siamo entrati al Castello Orsini-Colonna per visitarlo.&nbsp;&nbsp;&nbsp;&nbsp;&nbsp;&nbsp;&nbsp;&nbsp;&nbsp;&nbsp;&nbsp;&nbsp;<br>Ebbene, scoprimmo che non c\u2019era nulla da visitare in realt\u00e0, perch\u00e9 era stato totalmente adibito a sala teatrale. &nbsp;&nbsp;&nbsp;&nbsp;&nbsp;&nbsp;&nbsp;&nbsp;&nbsp;&nbsp;&nbsp;&nbsp;<br>Restammo stregati da tanta bellezza, e ci chiedemmo chi fosse stato quel genio che aveva avuto l\u2019idea di coniugare due meraviglie di tal portata: un Castello, e il Teatro.&nbsp;&nbsp;&nbsp;&nbsp;&nbsp;&nbsp;&nbsp;&nbsp;&nbsp;&nbsp;&nbsp;&nbsp;&nbsp;<br>Certo, non avrei mai immaginato che di l\u00ec a un paio d\u2019ore \u201cAltrimenti Non Sarei Qui\u201d sarebbe stato dichiarato vincitore, ottenendo l\u2019inserimento nell\u2019attuale Stagione di Teatro OFF-limits, con la possibilit\u00e0 di una Prima d\u2019eccezione, accanto a nomi incredibili e blasonati. &nbsp;&nbsp;<br>Speravo di ricevere una bella menzione d\u2019onore magari, perch\u00e9 no, e ne sarei stato felicissimo.<br>Ne uscii con la vittoria, con quell\u2019appagamento speciale che senti quando capisci di aver conosciuto persone squisite, e con una bella dose di autostima rinnovata. &nbsp;&nbsp;&nbsp;&nbsp;&nbsp;&nbsp;&nbsp;&nbsp;<br>Ora il momento della Prima \u00e8 a un passo: parliamo del 12 marzo 2023.&nbsp;<br>Ecco, ci sono concorsi e&#8230; Concorsi. &nbsp;&nbsp;&nbsp;&nbsp;&nbsp;&nbsp;&nbsp;<br>L\u2019opportunit\u00e0 offerta da Teatranti Tra Tanti e Ponte Di Carta non ha eguali in Italia, perch\u00e9 dona all\u2019opera la pi\u00f9 grande possibilit\u00e0 che si possa desiderare per un drammaturgo o un regista: visibilit\u00e0 in una stagione importante, lontana dalla propria comfort-zone, dal solito giro in cui, spesso, rischi di restare un tantino atrofizzato.&nbsp;&nbsp;&nbsp;&nbsp;&nbsp;&nbsp;&nbsp;&nbsp;&nbsp;<br>Non so come andr\u00e0 domenica 12, ma quella vittoria rester\u00e0 per sempre uno dei momenti pi\u00f9 belli vissuti come autore. Per via della fiducia. La fiducia riposta nelle mie capacit\u00e0 da parte di professionisti estranei che, ovviamente, lavorano per dare lustro all\u2019attivit\u00e0 che stanno portando avanti.&nbsp;<br>Lo scrivo da un po\u2019, e lo ribadisco qui: se volete far sentire la vostra voce, concludete il manoscritto che avete abbandonato nel cassetto (come il mio, lasciato per anni ad avvizzire nella scrivania), e partecipate al nuovo bando. Il sogno \u00e8 dietro l\u2019angolo&#8221;.<\/p>\n\n\n\n<p class=\"has-small-font-size\"><strong>FEDERICO LUCIANI, CHIARA PELLEGRINI, FRANCESCA SPICCIO E MICHELE MORETTI VINCITORI III EDIZIONE:<\/strong><\/p>\n\n\n\n<p class=\"has-small-font-size\">&#8220;Eravamo bloccati dal Covid nelle nostre quattro case, ognuno coi suoi pensieri, ognuno coi suoi mostri, ognuno con gli occhi fuori dalla finestra. \u00c8 cos\u00ec che \u00e8 nato \u201cQ: l\u2019eroe che insegu\u00ec la blatta\u201d, un ragazzo prigioniero in casa sua che finisce per aprire la finestra e riscoprire cos\u00ec quel mondo cos\u00ec assurdo che aveva lasciato anni addietro. Se penso a cosa \u00e8 stato per me, Chiara, Francesca e Michele partecipare al Concorso \u201cTeatro in cerca d\u2019autore\u201d non posso far altro che continuare a riprendere l\u2019immagine di una finestra che si apre, perch\u00e9 addirittura trovarsi a vincere il primo premio per noi \u00e8 stato un richiamo alla realt\u00e0, il mondo che si accorge di noi e ci abbraccia. In fondo il personaggio di Q voleva solo questo nella sua follia. Il Teatro dev\u2019essere apertura, il Teatro dev\u2019essere testimone di tutte le sfaccettature del quotidiano\u2026 e scoprire che \u201cPonte di Carta\u201d, assieme ai \u201cTeatranti tra tanti\u201d, va veramente in cerca di autori che provano a dar voce a piccole e grandi urgenze del nostro tempo \u00e8 qualcosa di bellissimo. W il Teatro!&#8221;<\/p>\n\n\n\n<p class=\"has-small-font-size\"><strong>MARIA CARMELA MICCICH\u00c8 PREMIO CRITICA LETTERARIA I EDIZIONE<\/strong> \/ <strong>PREMIO TEATRO DEI MARSI DRAMMA III EDIZIONE:<\/strong><\/p>\n\n\n\n<p class=\"has-small-font-size\">&#8220;Nel 2019 partecipai al Concorso Teatro in cerca d&#8217;Autore, avevo un testo un po&#8217; duro, particolare, e con grande gioia arrivai tra i finalisti. Non ero mai stata ad Avezzano e fu tutto una bellissima scoperta, il territorio, le persone, Ponte di Carta e i suoi pilastri, giovani, belli e simpaticissimi. &#8220;Mi chiamo Tonia e non ho niente da salvare, tranne me&#8221;, vinse il premio Critica Letteraria e mi commosse la motivazione per l&#8217;empatia, l&#8217;acume e la delicatezza che la Commissione aveva avuto nei riguardi del mio personaggio. Erano persone speciali capaci di accogliere non solo tutti noi autori, ma le storie e quei fili magici che le intrecciano. Nel 2021 sono tornata nuovamente ad Avezzano ed \u00e8 stato un ritrovare luoghi e amici, perch\u00e9 cos\u00ec ci siamo sentiti tutti noi autori. &#8220;Fratture multiple scomposte&#8221; un altro mio testo, ha ottenuto il Premio Teatro Dei Marsi Dramma ed \u00e8 stato un onore ricevere ancora un riconoscimento cos\u00ec prestigioso. Adesso quando guardo il centro della nostra meravigliosa penisola, so dove si trova Avezzano e penso con piacere alle belle persone che ho incontrato, al grande lavoro che fanno con competenza e entusiasmo ed \u00e8 stata una bella cosa, nel 2019 decidere di partecipare al concorso&#8221;.<\/p>\n\n\n\n<p class=\"has-small-font-size\"><strong>ALESSANDRO IZZI VINCITORE I EDIZIONE:<\/strong><\/p>\n\n\n\n<p class=\"has-small-font-size\">&#8220;Vincere il Premio \u201cTeatro in cerca di autore\u201d con un testo come \u201cSolo di passaggio\u201d \u00e8 stato, per me, un po\u2019 come ritrovare la strada di casa. E il bello \u00e8 che, fino a quando non sono stato ad Avezzano a conoscere la gente splendida che l\u2019ha ideato, non mi ero neanche ancora accorto di averla persa! Raramente un Premio sa essere cos\u00ec \u201caccogliente\u201d, cos\u00ec pronto a farsi \u201cstanza\u201d per l\u2019autore che ha partecipato. Il pi\u00f9 delle volte le cerimonie di premiazione sono paludate autocelebrazioni degli organizzatori, qui, invece, ho trovato un luogo di incontro, lo spazio di un confronto e, davvero, una casa per me e per personaggi che fino a quel momento erano stati solo sulla pagina. \u00c8 stato poi una benedizione, poter vedere \u201cSolo di passaggio\u201d in scena, soprattutto in considerazione del fatto che l\u2019organizzazione ha onorato l\u2019impegno nel momento in cui era pi\u00f9 difficile farlo, non appena il Covid ha allentato la sua presa sui teatri: a dimostrazione di un senso della professione che non \u00e8 cos\u00ec scontato. Sentire, poi, la passione degli attori (Stefano, Natascia, Silvio, Gianluca, lo sapete che vi voglio bene!), vedere la cura della regia che ha saputo portare gli accenti della narrazione nella sua direzione senza troppo tradire la mia, sono cose che ancora oggi mi scaldano il cuore, quando la sera si fa appena un po&#8217; pi\u00f9 fredda&#8221;.<\/p>\n","protected":false},"excerpt":{"rendered":"<p>VIII\u00b0 EDIZIONE CONCORSO &#8220;TEATRO IN CERCA D&#8217;AUTORE&#8221; L\u2019officina letteraria Ponte di carta e la compagnia teatrale Teatranti tra Tanti, con il patrocinio del comune di Avezzano e della provincia di L&#8217;Aquila, hanno il piacere di annunciare la VIII\u00b0 edizione del concorso per testi inediti \u201cTEATRO IN CERCA D\u2019AUTORE\u201d Art. 1 Il premio \u00e8 riservato a&#8230;<\/p>\n","protected":false},"author":2,"featured_media":365,"parent":0,"menu_order":0,"comment_status":"closed","ping_status":"closed","template":"","meta":{"footnotes":""},"class_list":["post-11","page","type-page","status-publish","has-post-thumbnail","hentry"],"_links":{"self":[{"href":"https:\/\/roberta.dipascasio.it\/index.php?rest_route=\/wp\/v2\/pages\/11","targetHints":{"allow":["GET"]}}],"collection":[{"href":"https:\/\/roberta.dipascasio.it\/index.php?rest_route=\/wp\/v2\/pages"}],"about":[{"href":"https:\/\/roberta.dipascasio.it\/index.php?rest_route=\/wp\/v2\/types\/page"}],"author":[{"embeddable":true,"href":"https:\/\/roberta.dipascasio.it\/index.php?rest_route=\/wp\/v2\/users\/2"}],"replies":[{"embeddable":true,"href":"https:\/\/roberta.dipascasio.it\/index.php?rest_route=%2Fwp%2Fv2%2Fcomments&post=11"}],"version-history":[{"count":16,"href":"https:\/\/roberta.dipascasio.it\/index.php?rest_route=\/wp\/v2\/pages\/11\/revisions"}],"predecessor-version":[{"id":559,"href":"https:\/\/roberta.dipascasio.it\/index.php?rest_route=\/wp\/v2\/pages\/11\/revisions\/559"}],"wp:featuredmedia":[{"embeddable":true,"href":"https:\/\/roberta.dipascasio.it\/index.php?rest_route=\/wp\/v2\/media\/365"}],"wp:attachment":[{"href":"https:\/\/roberta.dipascasio.it\/index.php?rest_route=%2Fwp%2Fv2%2Fmedia&parent=11"}],"curies":[{"name":"wp","href":"https:\/\/api.w.org\/{rel}","templated":true}]}}